{"id":16953,"date":"2025-11-10T06:13:48","date_gmt":"2025-11-10T05:13:48","guid":{"rendered":"https:\/\/www.handball-edelweiss-linz.at\/wordpress\/?page_id=16953"},"modified":"2025-11-10T06:13:49","modified_gmt":"2025-11-10T05:13:49","slug":"walter-mergili","status":"publish","type":"page","link":"https:\/\/www.handball-edelweiss-linz.at\/wordpress\/walter-mergili\/","title":{"rendered":"Walter Mergili"},"content":{"rendered":"\n<p class=\"has-white-color has-gray-background-color has-text-color has-background has-link-color wp-elements-dccac81cd1ccd36f7feefa1f69fd1710\">Walter begann in der Sch\u00fclermannschaft bei Union Edelwei\u00df Handball zu spielen und z\u00e4hlte dort durch seine schnellen Haken zu den gef\u00e4hrlichsten Angreifern. Am H\u00f6hepunkt seiner Karriere gelang dreimal der Gewinn des \u00f6sterr. Meistertitels auf dem Gro\u00dffeld in den Saisonen 1966\/67, 1968\/69 und 1969\/70.<\/p>\n\n\n\n<p class=\"has-white-color has-gray-background-color has-text-color has-background has-link-color wp-elements-e84506c11e1620e4648169e4365e2015\">Nach Beendigung seiner aktiven Laufbahn \u00fcbernahm er in der Saison 1974\/75 f\u00fcr ein Jahr den Posten des Sektionsleiters der Sektion Handball. Walter Mergili bleibt uns als Sportkamerad und Freund in bester Erinnerung.<\/p>\n\n\n\n<p class=\"has-white-color has-gray-background-color has-text-color has-background has-link-color wp-elements-42dfccf9ca072e38f6e96f060a6ed9a4\"><img loading=\"lazy\" decoding=\"async\" width=\"150\" height=\"196\" class=\"wp-image-1224\" style=\"width: 150px;\" src=\"https:\/\/www.handball-edelweiss-linz.at\/wordpress\/wp-content\/uploads\/ehrentafel_walter_mergili.jpg\" alt=\"Walter Mergili\"> 1944 \u2013 2007<\/p>\n","protected":false},"excerpt":{"rendered":"<p>Walter begann in der Sch\u00fclermannschaft bei Union Edelwei\u00df Handball zu spielen und z\u00e4hlte dort durch seine schnellen Haken zu den gef\u00e4hrlichsten Angreifern. Am H\u00f6hepunkt seiner<\/p>\n","protected":false},"author":2,"featured_media":0,"parent":0,"menu_order":0,"comment_status":"closed","ping_status":"closed","template":"","meta":{"ngg_post_thumbnail":0,"footnotes":""},"class_list":["post-16953","page","type-page","status-publish","hentry","comments-off"],"_links":{"self":[{"href":"https:\/\/www.handball-edelweiss-linz.at\/wordpress\/wp-json\/wp\/v2\/pages\/16953","targetHints":{"allow":["GET"]}}],"collection":[{"href":"https:\/\/www.handball-edelweiss-linz.at\/wordpress\/wp-json\/wp\/v2\/pages"}],"about":[{"href":"https:\/\/www.handball-edelweiss-linz.at\/wordpress\/wp-json\/wp\/v2\/types\/page"}],"author":[{"embeddable":true,"href":"https:\/\/www.handball-edelweiss-linz.at\/wordpress\/wp-json\/wp\/v2\/users\/2"}],"replies":[{"embeddable":true,"href":"https:\/\/www.handball-edelweiss-linz.at\/wordpress\/wp-json\/wp\/v2\/comments?post=16953"}],"version-history":[{"count":1,"href":"https:\/\/www.handball-edelweiss-linz.at\/wordpress\/wp-json\/wp\/v2\/pages\/16953\/revisions"}],"predecessor-version":[{"id":16954,"href":"https:\/\/www.handball-edelweiss-linz.at\/wordpress\/wp-json\/wp\/v2\/pages\/16953\/revisions\/16954"}],"wp:attachment":[{"href":"https:\/\/www.handball-edelweiss-linz.at\/wordpress\/wp-json\/wp\/v2\/media?parent=16953"}],"curies":[{"name":"wp","href":"https:\/\/api.w.org\/{rel}","templated":true}]}}