{"id":16957,"date":"2025-11-10T06:22:55","date_gmt":"2025-11-10T05:22:55","guid":{"rendered":"https:\/\/www.handball-edelweiss-linz.at\/wordpress\/?page_id=16957"},"modified":"2025-11-10T06:22:57","modified_gmt":"2025-11-10T05:22:57","slug":"karl-bundus","status":"publish","type":"page","link":"https:\/\/www.handball-edelweiss-linz.at\/wordpress\/karl-bundus\/","title":{"rendered":"Karl Bundus"},"content":{"rendered":"\n<p class=\"has-white-color has-gray-background-color has-text-color has-background has-link-color wp-elements-eaa97e9306c4c4d2fefcff7583a6422f\">Zwischen 1955 und 1967 spielte Karl Bundus eine gro\u00dfe Rolle im \u00f6sterreichischen Handballsport. 1958 spielte er bei der WM im Feldhandball in der \u00f6sterreichischen Nationalmannschaft. 1967 wurde er mit Union Edelwei\u00df Linz \u00f6sterreichischer Meister auf dem Gro\u00dffeld.<\/p>\n\n\n\n<p class=\"has-white-color has-gray-background-color has-text-color has-background has-link-color wp-elements-dc0fc892ea5d8f33789f1ef0efbb0df6\">Bei unz\u00e4hligen Siegen unserer Mannschaft z\u00e4hlte Karl zu den Besten. Karl Bundus wird uns immer in Erinnerung bleiben.<\/p>\n\n\n\n<p class=\"has-white-color has-gray-background-color has-text-color has-background has-link-color wp-elements-17e1b73c559e273f0022060aab859687\"><img loading=\"lazy\" decoding=\"async\" width=\"150\" height=\"200\" class=\"wp-image-1221\" style=\"width: 150px;\" src=\"https:\/\/www.handball-edelweiss-linz.at\/wordpress\/wp-content\/uploads\/ehrentafel_karl_bundus.jpg\" alt=\"Karl Bundus\"> 1933 \u2013 1999<\/p>\n","protected":false},"excerpt":{"rendered":"<p>Zwischen 1955 und 1967 spielte Karl Bundus eine gro\u00dfe Rolle im \u00f6sterreichischen Handballsport. 1958 spielte er bei der WM im Feldhandball in der \u00f6sterreichischen Nationalmannschaft.<\/p>\n","protected":false},"author":2,"featured_media":0,"parent":0,"menu_order":0,"comment_status":"closed","ping_status":"closed","template":"","meta":{"ngg_post_thumbnail":0,"footnotes":""},"class_list":["post-16957","page","type-page","status-publish","hentry","comments-off"],"_links":{"self":[{"href":"https:\/\/www.handball-edelweiss-linz.at\/wordpress\/wp-json\/wp\/v2\/pages\/16957","targetHints":{"allow":["GET"]}}],"collection":[{"href":"https:\/\/www.handball-edelweiss-linz.at\/wordpress\/wp-json\/wp\/v2\/pages"}],"about":[{"href":"https:\/\/www.handball-edelweiss-linz.at\/wordpress\/wp-json\/wp\/v2\/types\/page"}],"author":[{"embeddable":true,"href":"https:\/\/www.handball-edelweiss-linz.at\/wordpress\/wp-json\/wp\/v2\/users\/2"}],"replies":[{"embeddable":true,"href":"https:\/\/www.handball-edelweiss-linz.at\/wordpress\/wp-json\/wp\/v2\/comments?post=16957"}],"version-history":[{"count":1,"href":"https:\/\/www.handball-edelweiss-linz.at\/wordpress\/wp-json\/wp\/v2\/pages\/16957\/revisions"}],"predecessor-version":[{"id":16958,"href":"https:\/\/www.handball-edelweiss-linz.at\/wordpress\/wp-json\/wp\/v2\/pages\/16957\/revisions\/16958"}],"wp:attachment":[{"href":"https:\/\/www.handball-edelweiss-linz.at\/wordpress\/wp-json\/wp\/v2\/media?parent=16957"}],"curies":[{"name":"wp","href":"https:\/\/api.w.org\/{rel}","templated":true}]}}